 n + 3. Let r(y) = y + 1. Let m be r(-1). Determine u(m).
3
Let k(c) = -c**2 + c - 4. Let h(z) = -2*z**3 - z**3 + 4*z**3 + 2*z**2 - 6*z - 5 + 2*z**2. Let l be h(-5). Determine k(l).
-4
Let c(m) be the third derivative of -m**4/8 + 2*m**2. Let d be c(1). Let l(p) = -2*p + 2. Calculate l(d).
8
Let y(u) = u**3 + 4*u**2 - 6*u - 3. Let k be y(-5). Let w(g) = 2*g - 1. Let o be w(1). Let m(t) = 0 + t + o - t**3 - k - 1. Give m(0).
-2
Let p(c) = c + 1. Let b be p(4). Let y(d) = 2*d**2 + d + b*d - 3*d + d**2. Determine y(-2).
6
Let o = -9 + 19/2. Let v(p) be the first derivative of 2 + 3/4*p**4 - o*p**2 + 0*p + 0*p**3. Determine v(-1).
-2
Let l(s) be the first derivative of -s**4/4 + s**3 - s + 1. Suppose 5 = -5*k - 20. Let f(u) = -u**3 - 6*u**2 - 5*u + 2. Let c be f(k). Give l(c).
3
Suppose -4*v - 4*l = 0, -3*v + 2*l = -4*v. Let c = 1 + v. Let a(o) be the second derivative of -o**4/12 - o**2/2 + 4*o. Calculate a(c).
-2
Let a = 15 + -10. Let b(i) = -5*i + 6. What is b(a)?
-19
Let v = 1 + 2. Let z(l) = 4 + 2*l**v + l**3 + 4*l + 3*l**2 + 3*l**2 - 2*l**3. Suppose 0 = -3*h - s - 10, 5*s + 0*s = 3*h + 40. Calculate z(h).
9
Let w(x) = -x + 1. Let v(d) = -d + 2. Let t be v(-5). Suppose t = 3*k + 1. Let n be (-4)/8 + (-7)/k. Calculate w(n).
5
Let z = -97 - -97. Let a(h) = h + 18. Calculate a(z).
18
Let i = 5 - 1. Let a be ((-4)/(-2))/2 + 1. Let l(k) = k + 3 - 2*k + a. Determine l(i).
1
Let c(m) = -18*m**2 - m - 2. Let r(h) = 19*h**2 + h + 3. Let w(u) = -4*c(u) - 3*r(u). Determine w(1).
15
Let o(v) = v**2 - 9*v - 10. Let h = 40 - 30. What is o(h)?
0
Let d(x) be the first derivative of x**3/3 + 7*x**2/2 + 8*x + 36. Determine d(-8).
16
Let s = 12 + -6. Let l(x) = -x**2 + 8*x - 5. Give l(s).
7
Suppose -4*x - 4*p = 24, 0 = -4*x - 5*p + 8 - 36. Let i(v) = v**3 + v**2 - 2*v - 2. Determine i(x).
-2
Let z(j) be the first derivative of 5*j**4/2 + 2*j**3/3 - j**2/2 - 121. Let w(f) = -f**3 + 3*f**2 + 5*f - 3. Let b be w(4). Calculate z(b).
11
Let z(u) be the second derivative of u**4/12 + 2*u**3/3 - 3*u. Calculate z(-2).
-4
Let b(v) = v**3 - 4*v**2 - 14*v + 15. Let a be b(6). Let d(r) = r**2 - 5*r. Calculate d(a).
-6
Let a(f) = f**3 - 6*f**2 - 6*f - 6. Let k be (-2 - -4)*7/2. Give a(k).
1
Let a(y) = y - 1. Let x(q) = -2*q + 4. Let m(z) = 3*a(z) + x(z). Let l be m(-4). Let j(f) = f**2 + f - 1. What is j(l)?
5
Let y(d) = -d**3 - 8*d**2 + 7*d - 4. Let s(t) = t - 31. Let i be s(22). What is y(i)?
14
Let s(d) be the second derivative of -d**5/4 + d**4/6 - d**2/2 - 3*d. Let k be (-2)/(0 - (1 - -1)). What is s(k)?
-4
Let g(k) = -k**3 - 8*k**2 - 13*k + 5. Let s be g(-5). Suppose 8*q - 3*q + 25 = -5*b, 0 = 2*q - 3*b - 15. Let h(f) = -1 + 7*f + 6 + q*f + f**2. Determine h(s).
-5
Let q(w) = w**3 + w**2 - w + 1. Let u(c) = 4*c**2 + 2*c**2 + c + 5 + 0*c**3 + c**3. Let z be u(-6). Let x be (z + 1)/(-3 + 2). What is q(x)?
1
Let j(f) = -f**2 - 6*f + 7. Let v be j(-7). Let p(h) = 10 + 0*h**2 - 22 - h**2 + 10. Calculate p(v).
-2
Let k(u) = u**3 - 1 + 0 + 2 - u**2. Let m = 4 - 0. Suppose 1 - 5 = m*v. What is k(v)?
-1
Let y(t) = 6*t**2 + 3 + 5*t**2 + 4*t - 10*t**2. Determine y(-4).
3
Let l(q) = -2*q**2 - q + 5. Suppose 13*a + 8 = 15*a. What is l(a)?
-31
Let j(r) = -11*r**2 + r + 2. Let m(d) = 33*d**2 - 4*d - 7. Let l(t) = -7*j(t) - 2*m(t). Calculate l(1).
12
Let m(a) = a**2 + a + 1. Let l(o) = -o**3 - 3*o**2 - o - 6. Let n(y) = l(y) + 5*m(y). Let x be (9/2 - 1)*-4. Let h be 15/(-35) - 48/x. What is n(h)?
2
Let l(x) = 3 - 6 - 8*x**2 - x**3 + 1. Let m be l(-8). Let d(b) = 4*b + 2 + b**2 + 1 - 2*b. Calculate d(m).
3
Let m(i) be the first derivative of 3/2*i**2 - 1/3*i**3 + 1 + 2*i. Give m(-2).
-8
Let r(l) = -4*l**3 - 10*l**2 - 8*l + 4. Let i(z) = z**3 + z**2. Let b(j) = -3*i(j) - r(j). What is b(-6)?
-16
Let t(c) be the third derivative of -c**9/60480 + c**8/3360 - c**7/840 + c**6/240 + c**5/20 - c**2. Let y(z) be the third derivative of t(z). Give y(5).
-2
Let n(b) be the second derivative of -b**3/6 - 5*b**2/2 - 6*b. Suppose 0 = -5*r - 2*c - c - 28, 3*r = 2*c - 13. Calculate n(r).
0
Let y = -9 + 14. Let n(b) = 3*b**2 - 12*b. Let v(j) = j**2 - 4*j. Let q(z) = 3*n(z) - 8*v(z). Determine q(y).
5
Let t(f) = -2*f + 0*f + 2 - f + 0*f. Give t(-4).
14
Let x(v) = 2 + 281*v - 278*v - 3. Calculate x(-2).
-7
Let f = -5 - -3. Suppose 3*s - 15 = -2*a, 3*s - 10 = a + s. Let k(g) = a*g**2 + 1 + 0*g**2 + g**2. Calculate k(f).
5
Let m = -7 - -7. Let s(y) = m*y**3 + 7*y**2 - 3 + 6 + 0*y**3 - 7*y - y**3. Suppose 0 = 3*i - 7 - 11. Give s(i).
-3
Let f(c) = -c**2 + 2*c - 2. Let k be -6 + 0/(-2) + 2. Let r be (-1)/k - (-35)/20. Give f(r).
-2
Suppose -b - b = -4. Let a(g) = -7*g - 2. Let z(v) = -7*v - 2. Let r(m) = -3*a(m) + 4*z(m). Let y(h) = 15*h + 4. Let j(o) = 13*r(o) + 6*y(o). What is j(b)?
-4
Let d(x) = -x**3 + x**2 - x - 1. Let h be (-2)/(-4)*0/(-2). Determine d(h).
-1
Suppose 5*z + 4 = 9. Let i(q) = q**3 - q**2 - q. Let k(l) = -4*l**3 + 3*l**2 + 7*l - 4. Let h(o) = z*k(o) + 5*i(o). Determine h(3).
11
Let f(o) be the second derivative of -o**4/12 - o**3/3 - o**2/2 + o. Let r(t) = t**2 - 6. Let p be r(-2). What is f(p)?
-1
Let v(l) be the third derivative of l**6/30 + l**5/60 - l**3/6 + 4*l**2. What is v(1)?
4
Suppose 3*n - 12 = -0*n. Suppose 0 = n*t - 7 - 13. Suppose -3*p + 24 = -2*u, t*u = -p + 3*u. Let b(v) = v - 7. Give b(p).
-1
Suppose 5*h - 21 = 19. Let y be (h/10)/(6/75). Let p(f) = 17 - 4 - y + 3*f. Give p(-2).
-3
Let s(k) = -4*k**2 + 18*k + 9. Let q(x) = -2*x**2 + 2 - 5 + 3*x**2 - 6*x. Let g(r) = 7*q(r) + 2*s(r). Let o(c) = c**2 - 4*c - 5. Let l be o(4). Determine g(l).
2
Let z = 171 - 167. Let s(l) be the third derivative of -1/24*l**z + 0*l + 2*l**2 + 0 + 1/2*l**3. Give s(4).
-1
Let f(c) be the third derivative of c**5/30 + 5*c**4/24 - c**2. Determine f(-4).
12
Let g be -1 - 0*4/(-8). Let t(c) = 2*c**3 + 2*c**2 - 1. Determine t(g).
-1
Let t(r) = r + 0*r - 6 + 1. Let l be (-2)/10 - (-80)/25. Give t(l).
-2
Suppose y + 8 = -3*y, 4*y = -4*s + 12. Let v(x) = -x**2 + 4*x. Give v(s).
-5
Let x(u) = -u**3 + 4*u**2 + u + 2. Suppose -10 = -3*c + 2. Give x(c).
6
Let i(k) = -11*k**2 + 12*k + 1. Let m(w) = 7*w**2 - 8*w - 1. Let u(y) = -5*i(y) - 8*m(y). Let g(t) = 2*t - 5. Let b be g(4). Determine u(b).
6
Let r(w) = w**3 - 6*w**2 + 10*w - 33. Let i be r(5). Let d(n) = n**2 + 7*n - 11. Calculate d(i).
-3
Let k be (-9)/(1 - -2)*(-4)/6. Let z(h) be the second derivative of -h**k + 0 + h - 1/12*h**4 + 1/6*h**3 + 1/20*h**5. Calculate z(2).
4
Let v = 10 + -8. Let z(r) = -230*r - r**v - r**2 + 232*r - 2. Give z(2).
-6
Suppose -58 + 168 = 10*c. Let f(o) = -o**3 + 11*o**2 - 2*o + 16. Determine f(c).
-6
Let x(j) = -27 - 19 + 2*j + 49. What is x(3)?
9
Let r(y) = -1 - 1 + 3*y**2 - 2*y**2 + 7*y. Suppose 2*i - 5 = -3*b, 3*b - 20 = i - 0*b. What is r(i)?
-12
Let s(k) = k. Let j(x) = 7*x + 1. Let f(w) = j(w) - 6*s(w). Suppose 4*b = 2*m - 0*m + 32, 0 = -m - 3*b + 9. Let n be (7/21)/(2/m). What is f(n)?
0
Let c(i) = -7*i - 16. Let o be c(-2). Let y(n) = -n**2 - n - 3. Let u(r) = -4*r**2 - 2*r - 9. Let l(m) = -2*u(m) + 7*y(m). Determine l(o).
7
Let u(j) = j**3 - 7*j**2 + 8*j + 2. Let r(s) = -4*s**3 + 22*s**2 - 25*s - 6. Let z(h) = 2*r(h) + 7*u(h). Determine z(-6).
2
Let s(c) = -3*c + 1. Let h be 3 + ((-6)/(-3) - 3). Let n be (6 - 2) + -2 + h. Let t(o) = -o**2 + 5*o - 5. Let u be t(n). Give s(u).
4
Let l(f) = -f - 7. Suppose 19*y - 16*y = 9. Suppose 3 = -d - 4*i - 5, 2*i = y*d + 10. Give l(d).
-3
Let y(a) = a**3 + 3*a**2 - 3*a - 2. Let l be y(-4). Let z(v) = v**2 + 6*v. Calculate z(l).
0
Suppose -o = -3*o - 2, 5*o = 2*v + 5. Let f(s) = -s**3 - 6*s**2 - 4*s + 5. Let g be f(v). Let z(q) = -q**2 - q + 13. What is z(g)?
13
Let m = 142 - 97. Let h(y) = -y - 51*y**2 + 2 - y**3 + m*y**2 - 2*y. Determine h(-5).
-8
Let k(w) = -w + w + 5*w**2 + 9*w**2. Determine k(-1).
14
Let g(k) = 7*k**2 + 15*k + 13. Let f(u) = 20*u**2 + 44*u + 38. Let b(s) = -6*f(s) + 17*g(s). What is b(-5)?
13
Let l(k) = 3*k**2 - 42*k - 4*k**2 + 8 + 37*k. Give l(-6).
2
Suppose 4*p = -5*z - 8, 6 = 2*z - 5*p - 4. Let x(c) = 5*c**3 - 2*c**2. Let b(w) = -3*w**3 + w**2. Let o(f) = 7*b(f) + 4*x(f). Give o(z).
0
Let x(u) be the third derivative of u**7/5040 - u**5/12 - 2*u**2. Let w(p) be the third derivative of x(p). What is w(2)?
2
Let w be ((-4)/14)/((-1)/7). Let t(j) = -2